(7)?
2
Let t = 7 + 1. Let l(m) = -m**3 + 7*m**2 + 11*m - 10. What is the units digit of l(t)?
4
Suppose f - 15 = -2*f. Suppose 75 = 2*y + u - 8, -f*y + 215 = -5*u. What is the units digit of y?
2
Let g(o) = 20*o**3 + o**2 - o - 3. What is the hundreds digit of g(2)?
1
Suppose -2*f - 383 = -3*t, 2*f = 2*t - 0*f - 258. What is the hundreds digit of t?
1
Let b(a) = a**3 + a**2 + 8. Let f = 5 - 5. What is the units digit of b(f)?
8
Let z = -14 + 13. Let k(g) = -14*g. What is the units digit of k(z)?
4
Let s(r) = 17*r - 2. What is the units digit of s(2)?
2
Suppose -4*x + x - 3*l = -297, -x = 2*l - 104. What is the tens digit of x?
9
Let w be -2 + 4 + 1 + 26. Let l = w + -18. What is the units digit of l?
1
Suppose 21 = o - 8. What is the units digit of o?
9
Suppose 6 = -7*c + 4*c, -5*c - 26 = -4*h. Suppose 2*p - h = -0. What is the units digit of p?
2
Suppose -l + 4*l = 0. Let q(s) = -s**3 - s**2 + 2. Let z be q(l). Suppose -z + 0 = -k. What is the units digit of k?
2
What is the tens digit of 4/(-38) - (-48804)/114?
2
Let v(l) = 14*l**2 + 12. What is the hundreds digit of v(-3)?
1
Suppose -6*i - 15 = -i. Let w = i + 7. What is the units digit of -2 + w + 7 - -2?
1
Let z(w) be the third derivative of -1/30*w**5 - 1/120*w**6 + 1/12*w**4 - w**2 + 0 + 1/2*w**3 + 0*w. What is the units digit of z(-3)?
6
Let q = -38 + 43. What is the units digit of q?
5
Let p = 2 + 0. Let f(h) = h + 1 + 3*h + h**3 + 6*h**p + 1. What is the units digit of f(-5)?
7
Suppose -731 = -5*t - 0*d - d, -4*d = t - 131. What is the hundreds digit of t?
1
Let l(m) = m - 2. Let y be l(6). Let a be (9/2)/((-3)/y). What is the units digit of (-12)/((-3)/a*-3)?
8
Suppose l + 5*w = 12, -5*l + w = -2*w - 4. Suppose -2*d = l*a - 3 - 3, 8 = 4*a. What is the units digit of d?
1
Let b(k) = -k**3 + k + 39. What is the tens digit of b(0)?
3
Let k(a) = a + 1. Let g(x) = -7*x - 5. Suppose 0*n = 3*n + 2*u - 3, -4*n - 2*u + 2 = 0. Let s(r) = n*g(r) - 6*k(r). What is the units digit of s(5)?
4
Let r(x) = -4*x**3 - 2*x**2 - x. Let s be r(-1). Suppose 0*k + 3*k - 38 = b, -5*k - s*b + 68 = 0. What is the units digit of k?
3
Suppose 3*j - 4*j = -22. What is the units digit of j?
2
Let a be 72/15*(-55)/(-2). What is the units digit of (-3)/(-5) + a/5?
7
Let g be ((-1)/3)/(2/(-192)). Suppose 5*u = -g + 192. What is the units digit of u?
2
What is the tens digit of (23 + 2)*(-24)/(-15)?
4
Suppose -2*k + 4 = 0, -2*g - 2*k + 10 = -5*g. Suppose -4*q + 2*n + n = -4, 5*n + 18 = q. What is the units digit of (q + g)/(-2)*2?
4
Let i = 90 - 3. What is the units digit of i?
7
Let i = 0 + -2. Let n = i + 2. Suppose 4*z + z - 15 = n. What is the units digit of z?
3
Let p(a) be the second derivative of 3*a**4/4 + a**3/6 - 3*a. Suppose -7*h - 5 = -2*h. What is the units digit of p(h)?
8
Let s(x) = x - 2. Let y be s(7). Suppose 7*h - 2*h - 5*t - 60 = 0, 0 = -5*t + y. Let z = 26 - h. What is the tens digit of z?
1
Suppose 2*p - o = 24, 2*p - 24 = 2*o - 7*o. Let t(m) = -2 - p*m + 0 + 0 + 1. What is the tens digit of t(-1)?
1
Let r = -73 + 133. What is the units digit of r?
0
Let c(a) = a + 14. Let q = 17 - 5. Let t = 5 - q. What is the units digit of c(t)?
7
Suppose 5*v - 3*f - 172 = 0, -v + 2*f = -6*v + 177. What is the units digit of v?
5
Let l = -5 + 12. Suppose -5*r + 27 = l. What is the units digit of (4 + -2)/(1/r)?
8
Let q(g) = g**2 - 8*g + 2. Let k be (12/30)/(1/20). Let x be q(k). Suppose -i - 1 - 1 = -v, 32 = x*v + 5*i. What is the units digit of v?
6
Suppose -2*j + 4 - 12 = 0, 2*p - 4*j - 12 = 0. What is the units digit of (1/(-2))/(p/52)?
3
Let n(w) be the first derivative of w**2/2 - 8*w - 2. Let j be n(8). Suppose -3*d + j = -21. What is the units digit of d?
7
What is the tens digit of -18*6*(-12)/27?
4
Let u = -9 - -14. Suppose 5*m = 5*b + 150, -u*m + 160 = -b + 22. Suppose -r - 5*k - 17 = 7, -m = -2*r + 5*k. What is the units digit of r?
1
Let w(f) = f**2 - f. Let j be w(3). Let a = -3 + 7. Let l = j - a. What is the units digit of l?
2
Suppose -d + 7*d - 330 = 0. What is the tens digit of d?
5
Let z(x) be the first derivative of x**3/3 - x**2/2 - 2. What is the units digit of z(-3)?
2
Let w(s) = s**3 + s**2 + 1. Let o(l) = -3*l**3 - 2*l**2 - 2*l + 1. Let h(p) = -o(p) - 4*w(p). What is the units digit of h(-4)?
9
Let b = -7 - 2. Let t = b - -18. What is the units digit of t?
9
Let a(n) be the first derivative of -n**2 - 2*n + 1. Let r = -88 + 82. What is the tens digit of a(r)?
1
Suppose 0 = 163*y - 158*y - 450. What is the units digit of y?
0
What is the hundreds digit of 2/14*-2 - (-737)/7?
1
Let q(m) = 2*m**2 - 2*m + 5. What is the units digit of q(0)?
5
Let o be 38/14 - 4/(-14). Let f(p) = 2*p - 8. Let v be f(9). Suppose 0 = -b - o*u + v, 2*b = -2*u + 13 - 5. What is the units digit of b?
1
Suppose -3*d + 130 + 260 = 0. Suppose -3*i + j = -71, 4*j = 5*i - 0*j - d. What is the tens digit of i?
2
Let j be -2*2*(-1)/2. Suppose -2 = -j*q + 2. What is the units digit of q?
2
Let l(w) = -2*w - 3. Suppose 12 = -i + 4. Let m(b) = b**3 + 9*b**2 + 8*b - 8. Let f be m(i). What is the units digit of l(f)?
3
Let l = 99 + -53. Let i = -33 + l. What is the units digit of i?
3
Let y(k) = k**2 - 3*k + 2. Let d be y(3). What is the units digit of -3 + d - 6/(-3)?
1
Suppose -d + 40 = 3*k, 5*k - 12 = -d + 52. Suppose 5*j - j = k. What is the units digit of j?
3
Let b = 397 - 156. What is the hundreds digit of b?
2
Suppose 0 = d + 3*d - 16. Suppose 10 = -q - d*q. Let a = 15 + q. What is the tens digit of a?
1
Let p(d) = -83*d - 14. What is the hundreds digit of p(-4)?
3
Let z be (5/(-2))/((-3)/18). Let f = 24 - z. What is the units digit of f?
9
Suppose 2*t - 39 = -5*s, -4*s + 2*t + 17 = -s. Let w be (-17)/3 + s/(-21). What is the units digit of 3/3*3 - w?
9
Let v(w) = 2*w**2 - 11*w - 81. What is the units digit of v(-9)?
0
Let z(o) = o**2 + 12*o - 25. What is the tens digit of z(-25)?
0
Suppose -4*j + 91 = -81. What is the units digit of j?
3
Suppose -2*r + 32 = -0*r. What is the tens digit of r?
1
Let f be -25*4/(-10)*-1. What is the units digit of 14*(f/(-4) + -2)?
7
What is the tens digit of ((-64)/40)/((-123)/(-125) - 1)?
0
Let q(n) = -n - 2. Suppose 20 = 4*o + 80. Let t = o + 10. What is the units digit of q(t)?
3
Let u(o) = o**2 - o. Let f be u(4). Let i be 18/f*(-4)/(-3). Suppose -s + 4 = 3*j, -j - i = -s - 2*j. What is the units digit of s?
1
Let z = 33 - 20. Let n = z + 2. Suppose 0*m + n = 3*m. What is the units digit of m?
5
What is the hundreds digit of -1*1/(-3)*411?
1
What is the tens digit of ((-44)/10)/((-9)/90)?
4
Let c(l) = l - 3. Let k be c(6). Suppose t - 44 = -k*t. What is the tens digit of t?
1
Suppose 12*f = 17*f - 615. What is the hundreds digit of f?
1
Suppose 93 = 4*t + 605. Let i be ((-3)/(-6))/(4/t). Let r = i + 36. What is the tens digit of r?
2
Let m(l) = -2*l**2 + 4*l. Let o be m(3). What is the units digit of 0 + (3 - 5 - o)?
4
Let l(r) be the first derivative of r**4/4 + 4*r**3/3 - 3*r**2 - r + 1. Let b be l(-5). Let d = b + -2. What is the units digit of d?
2
Suppose 2*j + 4*b = 60, -7*b = j - 2*b - 36. What is the units digit of j?
6
Suppose -4*r - 11 = -3*h + 53, 0 = -h + 2*r + 20. What is the units digit of 79/4 - h/32?
9
Let g(u) = -u - 4. Let f be g(-7). Suppose -51 = 5*d + f*l, 5*d + 35 = 5*l - 0*l. What is the units digit of ((-24)/d)/((-2)/(-9))?
2
Let o(r) = -r - 7. Let k be o(-9). Suppose -12 = 3*p, -3*p = -z - 0*p + 11. Let g = k - z. What is the units digit of g?
3
Let r(h) = -27*h**2 - h + 3. Let u(c) = -26*c**2 - c + 2. Let v(s) = 2*r(s) - 3*u(s). What is the units digit of v(-1)?
3
Let g be ((3 + -1)/2)/(-1). Let p(w) = w**2 + w - 1 + 0 + 1 + 1. What is the units digit of p(g)?
1
Suppose -5*m + 1 = -4*m, 3*s = -2*m + 248. What is the tens digit of s?
8
Suppose 4 = -2*b + 4*b. What is the units digit of -4*6/(-1 - b)?
8
Suppose -s = 4*m - 0*s - 193, -5*m + 238 = -2*s. Let h = m + -24. What is the units digit of h?
4
Suppose 133 = -2*i + 7*i - 4*b, -2*i - 4*b = -42. Let q = i - 15. What is the tens digit of q?
1
Let a(p) = -p**2 - 2*p - 2. Let b be a(-2). Suppose -2*t - 24 = -2*r, -3*r - 2*r = 5*t + 20. Let w = b - t. What is the units digit of w?
6
Suppose h - 26 = -3*v + 6*h, 4*v = -h + 4. What is the units digit of (7/(-21))/(v/(-12))?
2
Let f = -12 + 18. What is t